{"id":14,"date":"2020-10-15T08:58:32","date_gmt":"2020-10-15T06:58:32","guid":{"rendered":"http:\/\/dinsjukgymnast.se\/web2\/?page_id=14"},"modified":"2025-09-08T19:36:55","modified_gmt":"2025-09-08T17:36:55","slug":"kontakt","status":"publish","type":"page","link":"https:\/\/dinsjukgymnast.se\/web2\/kontakt\/","title":{"rendered":"H\u00e4r finns vi"},"content":{"rendered":"\n<div class=\"wp-block-columns is-layout-flex wp-container-core-columns-is-layout-9d6595d7 wp-block-columns-is-layout-flex\">\n<div class=\"wp-block-column is-layout-flow wp-block-column-is-layout-flow\" style=\"flex-basis:47.4%\">\n<p><\/p>\n\n\n\n<div class=\"wp-block-group\"><div class=\"wp-block-group__inner-container is-layout-flow wp-block-group-is-layout-flow\">\n<p style=\"font-size:22px\"><strong>Kanalv\u00e4gen 17, 4tr<\/strong><\/p>\n\n\n\n<p style=\"font-size:22px\"><strong>183 38 T\u00e4by<\/strong><\/p>\n<\/div><\/div>\n\n\n\n<p><\/p>\n\n\n\n<div class=\"wp-block-group\"><div class=\"wp-block-group__inner-container is-layout-flow wp-block-group-is-layout-flow\">\n<p style=\"font-size:18px\">V\u00e5r mottagning ligger centralt i Roslags N\u00e4sby, 300m fr\u00e5n Roslagsbanan. N\u00e4rhet till bussar finns ocks\u00e5, bland annat buss 604 och 605. <\/p>\n\n\n\n<p style=\"font-size:18px\">F\u00f6r er som reser med bil finns en avgiftsbelagd parkeringsplats i anslutning till byggnaden. <\/p>\n\n\n\n<p style=\"font-size:18px\"><\/p>\n<\/div><\/div>\n<\/div>\n\n\n\n<div class=\"wp-block-column is-layout-flow wp-block-column-is-layout-flow\">\n<iframe loading=\"lazy\" src=\"https:\/\/www.google.com\/maps\/embed?pb=!1m18!1m12!1m3!1d2028.9731049345296!2d18.054543851551735!3d59.43352310961637!2m3!1f0!2f0!3f0!3m2!1i1024!2i768!4f13.1!3m3!1m2!1s0x465f9b8d137659e1%3A0xcc17b3e3c08de846!2sKanalv%C3%A4gen%2017%2C%20183%2038%20T%C3%A4by!5e0!3m2!1ssv!2sse!4v1603361575396!5m2!1ssv!2sse\" width=\"600\" height=\"450\" frameborder=\"0\" style=\"border:0;\" allowfullscreen=\"\" aria-hidden=\"false\" tabindex=\"0\"><\/iframe>\n\n\n\n<p><\/p>\n<\/div>\n<\/div>\n\n\n\n<div class=\"wp-block-columns is-layout-flex wp-container-core-columns-is-layout-9d6595d7 wp-block-columns-is-layout-flex\">\n<div class=\"wp-block-column is-layout-flow wp-block-column-is-layout-flow\">\n<p style=\"font-size:30px\"><strong>Ann Dundas<\/strong><\/p>\n\n\n\n<p style=\"font-size:24px\">Tfn 070- 33 11 398<\/p>\n\n\n\n<p style=\"font-size:24px\">ann@dinsjukgymnast.se<\/p>\n<\/div>\n\n\n\n<div class=\"wp-block-column is-layout-flow wp-block-column-is-layout-flow\">\n<p style=\"font-size:30px\"><strong>Torbj\u00f6rn Sj\u00f6din<\/strong><\/p>\n\n\n\n<p style=\"font-size:24px\">Tfn 070 &#8211; 60 222 64<\/p>\n\n\n\n<p style=\"font-size:24px\">torbjorn@dinsjukgymnast.se<\/p>\n<\/div>\n<\/div>\n","protected":false},"excerpt":{"rendered":"<p>Kanalv\u00e4gen 17, 4tr 183 38 T\u00e4by V\u00e5r mottagning ligger centralt i Roslags N\u00e4sby, 300m fr\u00e5n Roslagsbanan. N\u00e4rhet till bussar finns ocks\u00e5, bland annat buss 604 och 605. F\u00f6r er som reser med bil finns en avgiftsbelagd parkeringsplats i anslutning till byggnaden. Ann Dundas Tfn 070- 33 11 398 ann@dinsjukgymnast.se Torbj\u00f6rn Sj\u00f6din Tfn 070 &#8211; 60 [&hellip;]<\/p>\n","protected":false},"author":4,"featured_media":0,"parent":0,"menu_order":0,"comment_status":"closed","ping_status":"closed","template":"","meta":{"footnotes":""},"class_list":["post-14","page","type-page","status-publish","hentry"],"_links":{"self":[{"href":"https:\/\/dinsjukgymnast.se\/web2\/wp-json\/wp\/v2\/pages\/14","targetHints":{"allow":["GET"]}}],"collection":[{"href":"https:\/\/dinsjukgymnast.se\/web2\/wp-json\/wp\/v2\/pages"}],"about":[{"href":"https:\/\/dinsjukgymnast.se\/web2\/wp-json\/wp\/v2\/types\/page"}],"author":[{"embeddable":true,"href":"https:\/\/dinsjukgymnast.se\/web2\/wp-json\/wp\/v2\/users\/4"}],"replies":[{"embeddable":true,"href":"https:\/\/dinsjukgymnast.se\/web2\/wp-json\/wp\/v2\/comments?post=14"}],"version-history":[{"count":21,"href":"https:\/\/dinsjukgymnast.se\/web2\/wp-json\/wp\/v2\/pages\/14\/revisions"}],"predecessor-version":[{"id":483,"href":"https:\/\/dinsjukgymnast.se\/web2\/wp-json\/wp\/v2\/pages\/14\/revisions\/483"}],"wp:attachment":[{"href":"https:\/\/dinsjukgymnast.se\/web2\/wp-json\/wp\/v2\/media?parent=14"}],"curies":[{"name":"wp","href":"https:\/\/api.w.org\/{rel}","templated":true}]}}